et o(m) = 37*m + 9. Let g be o(9). Suppose 102 = -6*i + g. What is the tens digit of i?
4
Let n = 15 + -3. Suppose -n = -2*i - 0*i. What is the units digit of i?
6
Suppose 0 = 3*a + 12, -5*g - 2*a + 4*a + 253 = 0. What is the units digit of g?
9
Suppose -8*m + 10*m - 6 = 0. What is the units digit of m?
3
Let s = 7 + -5. Suppose -s*v = 3*m + 5, -3 = 3*m + 2*m - 2*v. Let h = 4 - m. What is the units digit of h?
5
Let p(m) = -m**2 - 5*m + 3. Let s be p(-4). Let w(k) = k**2 - 5*k + 1. Let z be w(5). Let f = z + s. What is the units digit of f?
8
Let u = 9 + 112. What is the hundreds digit of u?
1
Let y(g) = g**3 + 11*g**2 + 2. Let v be y(-11). Suppose v*j - 11 = 27. What is the units digit of j?
9
Let q(g) = -g + 2. Let d be q(2). Let l = d + -12. What is the tens digit of (8 - 2)/(-3) - l?
1
Let d(z) = z**2 + 3. Suppose -3*k - 12 = -j - 0*k, -4*j + 8 = -4*k. What is the units digit of d(j)?
2
Let x(l) = 14*l - 5. What is the units digit of x(2)?
3
Suppose -3*q + q + 2 = 0. What is the units digit of q?
1
Suppose -28 = -g + 5*g. Let x = g + 9. Suppose 0*l - x*l = -34. What is the tens digit of l?
1
Let v = -16 + 7. Let o(b) = b**3 + 8*b**2 - 6*b + 2. Let a be o(v). Let i = -13 - a. What is the units digit of i?
2
Let a be 2 - (6*-1)/3. Let j be (a/(-3))/((-2)/3). Let n(g) = 6*g - 3. What is the units digit of n(j)?
9
Suppose h - 2*t = -t - 4, 4*t = 5*h + 20. Let s = 3 + h. Let c = s - -7. What is the units digit of c?
6
Let n be (-3)/2*32/(-12). Suppose -c = -3*b - n, 2*c = 5*c - 4*b - 17. What is the units digit of c?
7
Let q = -3 - 2. Let b = 33 + q. What is the units digit of b?
8
Let x(k) = -k**2 - 12*k - 4. Let a = -34 + 24. What is the tens digit of x(a)?
1
What is the tens digit of (0 + -122)/(9 - 11)?
6
Suppose 2*z + 0*z - 4 = 0. Suppose 2*j + 5*x - 3 = 0, x = 3*j + 2 + z. Let d = 6 + j. What is the units digit of d?
5
Suppose -4*b + 3*b + m + 20 = 0, 4*b - m = 71. Suppose 2*r + 3*n - b = 0, -5*r + n + 17 = -0*n. Let d(f) = 3*f - 2. What is the tens digit of d(r)?
1
Let c(z) = z + 2. Let n be c(0). Suppose 5*l - 3*o - 4 = 0, -4*o = -n*l + 1 - 5. What is the units digit of l?
2
Let v = 2 + -2. Suppose 0 = 4*h + 2*y + 2, 0 = 5*h - v*y + y - 5. What is the units digit of (h - 8)*10/(-3)?
0
Suppose -2 = -3*s - 4*o + 33, -s + 30 = 5*o. Suppose -n - 4*x = -62, 5*n - s*x + x = 238. What is the tens digit of n?
5
Suppose -2*x + 28 = -0*x + 3*d, -81 = -5*x - 2*d. Let u(g) = -29*g**3 + 4*g**2 + 4*g + 2. Let b be u(-1). Let a = b - x. What is the tens digit of a?
1
Let b(j) = j**3 - 17*j**2 + 4*j - 12. What is the tens digit of b(17)?
5
Let d(z) = 3*z + 2. Let u be d(3). Let c = -10 + u. What is the units digit of (c - (-8)/(-6))*-15?
5
Let s(w) = -w**2 + w + 2. Let v be s(0). Let i be 4 + 10 - (0 - v). Suppose -4*j + 5*g + i = 3, g = -j + 10. What is the units digit of j?
7
Suppose -165 = l - 2*l + j, 4*l = j + 657. What is the tens digit of l?
6
Let g = -77 - -119. What is the tens digit of (-6)/(-4)*1204/g?
4
Let i = -6 - -54. Suppose -2*l + 4*l - i = -o, 0 = o. What is the units digit of l?
4
Suppose 4*c = 23 + 153. What is the tens digit of c?
4
Let i(o) = o**2 - 6*o + 1. What is the units digit of i(-5)?
6
Let i = 0 + -2. Let o be (-12)/(-42) + ((-32)/(-7))/(-2). What is the units digit of (-2 - i - -7) + o?
5
Let h = -105 + 303. What is the units digit of h?
8
Let b = 856 + -551. What is the hundreds digit of b?
3
Let p(u) be the second derivative of 2*u + 5/6*u**3 + 0*u**2 - 1/12*u**4 + 0. What is the units digit of p(4)?
4
Let u = 243 - -112. What is the units digit of u?
5
Suppose 4*m + 54 + 18 = 0. Suppose -b - 26 = 3*s - 0*b, s + 30 = 5*b. Let q = s - m. What is the units digit of q?
8
Suppose -l + 594 = 5*l. What is the units digit of l?
9
What is the units digit of 247 + 4/2 - -4?
3
Suppose -7*a = 5*a - 48. Let b be -5*(-1)/(10/76). Suppose 5*n - a*s = 78, b + 1 = 3*n - 5*s. What is the units digit of n?
8
Let j(d) = d + 3. Suppose -n = -i + 6*i - 30, 5*n = 5*i. Suppose 4*w - n*b + 16 = w, 0 = -3*w + 3*b - 6. What is the units digit of j(w)?
6
Let l(a) = a**3 + 6*a**2 + 6*a + 7. Let m be l(-5). Suppose 2*c + r - 76 = 4*r, -m*c + 90 = 4*r. What is the units digit of c?
1
Suppose 3*g + 5*h + 133 = 6*g, 0 = 3*g - 4*h - 128. Suppose -v = -5*v + g. What is the units digit of v?
9
Let d(h) = h**3 - 13*h**2 - 11*h + 5. Let f(v) = v**3 - 13*v**2 - 10*v + 5. Let b(q) = 3*d(q) - 2*f(q). What is the units digit of b(14)?
9
Let k(r) = 3*r**2 - 14*r + 4 + 0*r**2 + 0 - 2*r**2. What is the units digit of k(14)?
4
Let o(d) = 4*d + 4. Let k be o(-6). What is the tens digit of 2/2 + (-7 - k)?
1
Let g(l) = -2*l - 3. Suppose -3*r - 4 = -4*a + r, -3*r + 5 = a. Suppose 0*z - 3*k = -3*z - 39, a*k = -3*z - 19. What is the tens digit of g(z)?
1
Let x(a) be the first derivative of 3*a**3 - a - 10. Suppose -5 = -q - 4. What is the units digit of x(q)?
8
Let x be (12/(-10))/((-3)/15). Let l(f) = -f**3 - 6 + 4*f**3 + 6*f**2 - 4*f**3 + 2*f. What is the units digit of l(x)?
6
Suppose 2*g + 2*h + 54 = 0, 3*h - 95 = 3*g + 2*g. Let v = g - -37. What is the tens digit of v?
1
Let h be 20/8*12/5. Let x = -4 + h. What is the units digit of x/(-4)*-13*2?
3
Let g(r) = r - 1. Let w be (-1)/(((-2)/5)/(-2)). Let d be g(w). What is the units digit of (4/d)/(6/(-36))?
4
Let z = -12 - -45. Suppose 4*j - z = -21. What is the units digit of j?
3
Suppose 15 = l - 6. What is the units digit of l/(-2)*40/(-15)?
8
Let a(p) be the third derivative of -p**5/60 + p**4/3 + 2*p**3/3 + 4*p**2. Let f be a(7). What is the units digit of (4 - f)/(-1 - 0)?
7
Suppose 3*s + 4*h = 12 - 0, 2*h = 2*s + 6. Suppose 2*u + s - 20 = 0. What is the units digit of u?
0
Let g(j) = -2*j. Let t(a) = -7*a + 6. Let w(r) = 6*r - 5. Let z(h) = 5*t(h) + 6*w(h). Let f(b) = 3*g(b) + 7*z(b). What is the units digit of f(6)?
6
What is the hundreds digit of 440 - (-6)/2 - -5?
4
Suppose -2*v - 178 = -d, 5*d - v - 3*v = 890. What is the units digit of d?
8
Suppose 219 = -5*x - 91. Let p = -35 - x. What is the units digit of p?
7
Suppose -15*g + 10*g = -625. What is the tens digit of g?
2
Let g = 33 - -34. What is the tens digit of g?
6
Let x = -5 + 12. Suppose 2*i = -0 + 34. Let k = i - x. What is the units digit of k?
0
Let o(n) = n**3 - 6*n**2 + 7*n - 5. Let l be o(5). Suppose 0 = -l*f + 40 + 35. What is the units digit of f?
5
Let g be 2 - (-1 - 2/(-2)). Suppose -7*c + g*c = 0. Suppose -2*t + c*t + 8 = 0. What is the units digit of t?
4
Suppose 2*y = 1 + 7. Let n = y + 22. What is the units digit of n?
6
Let b(n) = n**3 + 8*n**2 - 2*n - 9. Let z be b(-6). Suppose 0*c + 2*c - q = z, 3*c + q = 125. What is the tens digit of c?
4
Let b(a) = -a**3 - 2*a**2 - 3*a - 3. Let x be b(-2). Suppose 3*v + 0*v = -x*k + 9, 0 = -k + v + 11. Suppose r - 3 = k. What is the tens digit of r?
1
What is the tens digit of (-2)/(-4) + 1765/10?
7
Suppose -o - 26 = -2*o. What is the units digit of o?
6
Suppose 7*f - 93 = 271. What is the tens digit of f?
5
Let l(m) = 2*m**2 + 10*m + 7. What is the units digit of l(-6)?
9
Let m(a) = -a - 3. Let k be m(-5). What is the units digit of k/1*(16 - 2)?
8
Suppose 41 = 5*c + 3*n, -2*c + 44 = 3*c + 2*n. What is the units digit of c?
0
Let m(k) = 12*k**2 - 5. What is the tens digit of m(-3)?
0
Suppose -6*t + 30 = 2*j - 4*t, 0 = 2*j - 3*t - 10. Let p = 24 - j. What is the units digit of p?
3
Let u(q) = -11*q + 30. What is the units digit of u(-10)?
0
Let k be 1 + 0 - (-1 - 0). Let y(r) be the second derivative of r**3 - 3*r**2/2 + 6*r. What is the units digit of y(k)?
9
Suppose -5*s + 2*l - 6 = 0, -l + 0*l + 3 = 2*s. What is the tens digit of s/((-4)/(-4)) - -13?
1
Let g = 259 - -9. What is the tens digit of g?
6
Let a(y) = y - 2. Let d be a(4). Suppose 0 = d*c + 3*f - 0*f - 42, -5*f = -4*c + 106. What is the units digit of c?
4
Suppose 5*a - x = 15, -3*a + 10 = 4*x + 1. Let d(o) = o - 2. Let v be d(7). Suppose a*n - 2*c = 16, 23 = v*n - 2*c - 5. What is the units digit of n?
6
Let r(d) = -2*d - 8. Let n be r(-8). Let v = 13 - n. What is the units digit of v?
5
Let w(j) = -27*j**3 + j**2 - 1. Let d be w(-1). Suppose 5*u = -20, -2*r + d = -3*u + 3. Suppose 0 = r*a - 3*a - 45. What is the units digit of a?
5
Let w = 1 + 4. Suppose b = -w, 5*r - 3*b - b = 100. What is the units digit of r?
6
Let u = -43 